{"id":5675,"date":"2021-03-05T13:02:56","date_gmt":"2021-03-05T14:02:56","guid":{"rendered":"https:\/\/www.alpa.it\/?page_id=5675"},"modified":"2021-03-23T15:04:41","modified_gmt":"2021-03-23T16:04:41","slug":"embrace-risonanza-magnetica-neonatale","status":"publish","type":"page","link":"https:\/\/www.alpa.it\/index.php\/embrace-risonanza-magnetica-neonatale\/","title":{"rendered":"Embrace &#8211; risonanza magnetica neonatale"},"content":{"rendered":"<p>&nbsp;<\/p>\n<h1 class=\"fusion-responsive-typography-calculated\" data-fontsize=\"34\" data-lineheight=\"47.9333px\">La perfetta soluzione per l\u2019imaging neuro neonatale<\/h1>\n<h2 class=\"fusion-responsive-typography-calculated\" data-fontsize=\"18\" data-lineheight=\"27px\">Embrace\u00ae \u00e8 il primo sistema MRI neonatale dedicato approvato da FDA 510 (k) e CE, progettato specificamente per l\u2019uso all\u2019interno dell\u2019unit\u00e0 di terapia intensiva neonatale. I neonati possono essere scansionati in qualsiasi momento, entro pochi minuti dalla richiesta, per fornire informazioni critiche per una diagnosi e un trattamento pi\u00f9 rapidi, riducendo i rischi spesso associati al trasporto fuori dall\u2019unit\u00e0 di questi pazienti critici e preziosi.<\/h2>\n<p>il sistema Embrace a magneti permanenti e con gabbia di faraday ingrata sul magnete risulta estremamente conveniente e consente l\u2019utilizzo di ventilatori e pompa di infusione standard. i magneti permanenti riducono in maniera drastica le operazioni e i costi manutentivi cos\u00ec come quelli relativi al consumo di energia elettrica.<\/p>\n<p>le dimensioni molto contenute del magnete ne consentono l&#8217;installazione direttamente all&#8217;interno della terapia intensiva neonatale ed il gantry di dimensioni ridotte, consentono anche con un campo di \u201csolo\u201d 1 Tesla, un rapporto segnale rumore estremamente alto; paragonabile alle RM da 3 tesla.<\/p>\n<p>il sistema inoltre dispone di una telecamera ad altissima risoluzione che inquadra costantemente il neonato all\u2019interno del magnete.<\/p>\n<p>la gestione del paziente pre-termine o neonato all&#8217;interno della terapia intensiva neonatale consente l&#8217;esecuzione di indagini senza la necessit\u00e0 di dovere organizzare un trasporto direttamente all&#8217;interno della terapia intensiva neonatale.<\/p>\n<p><a href=\"https:\/\/www.alpa.it\/embrace-embrace-neonatal-mri-system-bed-inserted-cropped\/\"><img decoding=\"async\" class=\"aligncenter size-full wp-image-5646\" src=\"https:\/\/www.alpa.it\/wp-content\/uploads\/2020\/11\/embrace-Embrace-Neonatal-MRI-System-bed-inserted-cropped.jpg\" alt=\"Embrace neonatal MRI\" width=\"1016\" height=\"835\" srcset=\"https:\/\/www.alpa.it\/wp-content\/uploads\/2020\/11\/embrace-Embrace-Neonatal-MRI-System-bed-inserted-cropped-200x164.jpg 200w, https:\/\/www.alpa.it\/wp-content\/uploads\/2020\/11\/embrace-Embrace-Neonatal-MRI-System-bed-inserted-cropped-300x247.jpg 300w, https:\/\/www.alpa.it\/wp-content\/uploads\/2020\/11\/embrace-Embrace-Neonatal-MRI-System-bed-inserted-cropped-400x329.jpg 400w, https:\/\/www.alpa.it\/wp-content\/uploads\/2020\/11\/embrace-Embrace-Neonatal-MRI-System-bed-inserted-cropped-600x493.jpg 600w, https:\/\/www.alpa.it\/wp-content\/uploads\/2020\/11\/embrace-Embrace-Neonatal-MRI-System-bed-inserted-cropped-768x631.jpg 768w, https:\/\/www.alpa.it\/wp-content\/uploads\/2020\/11\/embrace-Embrace-Neonatal-MRI-System-bed-inserted-cropped-800x657.jpg 800w, https:\/\/www.alpa.it\/wp-content\/uploads\/2020\/11\/embrace-Embrace-Neonatal-MRI-System-bed-inserted-cropped.jpg 1016w\" sizes=\"(max-width: 1016px) 100vw, 1016px\" \/><\/a><\/p>\n<h3 class=\"fusion-responsive-typography-calculated\" data-fontsize=\"16\" data-lineheight=\"24px\">il sistema Embrace fornisce:<\/h3>\n<p>&gt; Un ambiente confortevole per il neonato, senza lasciare la terapia intensiva neonatale.<\/p>\n<p>&gt; Un flusso di lavoro semplificato ed efficiente per il personale di terapia intensiva neonatale e radiologia.<\/p>\n<p>&gt; Qualit\u00e0, capacit\u00e0 di imaging point-of-care per risultati e diagnosi pi\u00f9 rapidi.<\/p>\n<p>ngg_shortcode_0_placeholder<a href=\"https:\/\/www.alpa.it\/index.php\/embrace-risonanza-magnetica-neonatale__trashed\/embrace-risonanza-magnetica-neonatale-domande-e-risposte\/\">FAQ \u2013 Domande e risposte comuni.<\/a><\/p>\n<p>Scarica la brochure<\/p>\n","protected":false},"excerpt":{"rendered":"<p>&nbsp; La perfetta soluzione per l\u2019imaging neuro neonatale Embrace\u00ae \u00e8 il primo sistema MRI neonatale dedicato approvato da FDA 510 (k) e CE, progettato specificamente per l\u2019uso all\u2019interno dell\u2019unit\u00e0 di terapia intensiva neonatale. I neonati possono essere scansionati in qualsiasi momento, entro pochi minuti dalla richiesta, per fornire informazioni critiche per una diagnosi e un  [&#8230;]<\/p>\n","protected":false},"author":2,"featured_media":0,"parent":0,"menu_order":0,"comment_status":"closed","ping_status":"closed","template":"","meta":{"_bbp_topic_count":0,"_bbp_reply_count":0,"_bbp_total_topic_count":0,"_bbp_total_reply_count":0,"_bbp_voice_count":0,"_bbp_anonymous_reply_count":0,"_bbp_topic_count_hidden":0,"_bbp_reply_count_hidden":0,"_bbp_forum_subforum_count":0,"ngg_post_thumbnail":0,"footnotes":""},"class_list":["post-5675","page","type-page","status-publish","hentry"],"_links":{"self":[{"href":"https:\/\/www.alpa.it\/index.php\/wp-json\/wp\/v2\/pages\/5675","targetHints":{"allow":["GET"]}}],"collection":[{"href":"https:\/\/www.alpa.it\/index.php\/wp-json\/wp\/v2\/pages"}],"about":[{"href":"https:\/\/www.alpa.it\/index.php\/wp-json\/wp\/v2\/types\/page"}],"author":[{"embeddable":true,"href":"https:\/\/www.alpa.it\/index.php\/wp-json\/wp\/v2\/users\/2"}],"replies":[{"embeddable":true,"href":"https:\/\/www.alpa.it\/index.php\/wp-json\/wp\/v2\/comments?post=5675"}],"version-history":[{"count":9,"href":"https:\/\/www.alpa.it\/index.php\/wp-json\/wp\/v2\/pages\/5675\/revisions"}],"predecessor-version":[{"id":5723,"href":"https:\/\/www.alpa.it\/index.php\/wp-json\/wp\/v2\/pages\/5675\/revisions\/5723"}],"wp:attachment":[{"href":"https:\/\/www.alpa.it\/index.php\/wp-json\/wp\/v2\/media?parent=5675"}],"curies":[{"name":"wp","href":"https:\/\/api.w.org\/{rel}","templated":true}]}}