{"id":224,"date":"2013-03-08T18:59:40","date_gmt":"2013-03-08T19:59:40","guid":{"rendered":"http:\/\/www.alpa.it\/?page_id=224"},"modified":"2015-01-31T20:06:28","modified_gmt":"2015-01-31T21:06:28","slug":"mission","status":"publish","type":"page","link":"https:\/\/www.alpa.it\/index.php\/corporate\/mission\/","title":{"rendered":"Mission"},"content":{"rendered":"<p><a href=\"http:\/\/www.alpa.it\/wp-content\/uploads\/2013\/03\/mission.jpg\"><img decoding=\"async\" class=\"aligncenter size-medium wp-image-226\" src=\"http:\/\/www.alpa.it\/wp-content\/uploads\/2013\/03\/mission-300x219.jpg\" alt=\"mission\" width=\"300\" height=\"219\" srcset=\"https:\/\/www.alpa.it\/wp-content\/uploads\/2013\/03\/mission-220x161.jpg 220w, https:\/\/www.alpa.it\/wp-content\/uploads\/2013\/03\/mission-300x220.jpg 300w, https:\/\/www.alpa.it\/wp-content\/uploads\/2013\/03\/mission-800x586.jpg 800w, https:\/\/www.alpa.it\/wp-content\/uploads\/2013\/03\/mission-1024x749.jpg 1024w, https:\/\/www.alpa.it\/wp-content\/uploads\/2013\/03\/mission.jpg 1600w\" sizes=\"(max-width: 300px) 100vw, 300px\" \/><\/a><\/p>\n<p>Alpa S.r.l. impiega tutte le proprie risorse di creativit\u00e0 ed entusiasmo per incrementare il livello di soddisfazione del cliente, migliorandone la qualit\u00e0 del lavoro.<\/p>\n<p>La nostra missione aziendale si concretizza attraverso tre regole fondamentali:<\/p>\n<p><strong>1. Dare ai clienti pi\u00f9 di quanto si aspettano<\/strong><\/p>\n<p>Dobbiamo sempre essere consapevoli delle necessit\u00e0, in continua evoluzione, dei nostri clienti. Solo cos\u00ec potremo offrire prodotti e servizi che vanno oltre le loro aspettative. Siamo certi che un impegno superiore per soddisfare pienamente il nostro pubblico sar\u00e0 premiato dal mercato.<\/p>\n<p><strong><strong>2. Creare un clima aziendale favorevole all&#8217;iniziativa personale.<\/strong><\/strong><\/p>\n<p>Chi lavora all&#8217;interno di Alpa deve essere un individuo autonomo e responsabile. Il nostro sistema di valutazione premia la competenza e la creativit\u00e0, promuovendo lo sviluppo delle abilit\u00e0 personali.<\/p>\n<p><strong><strong>3. Essere consapevoli delle responsabilit\u00e0 sociali<\/strong><\/strong><\/p>\n<p>Alpa S.r.l. lavora su tutto il territorio nazionale, e come tale deve agire con una visione d&#8217;insieme, una prospettiva globale che non trascura le caratteristiche locali. Dobbiamo agire localmente per migliorare la soddisfazione del cliente, e pensare globalmente per contribuire a uno sviluppo sostenibile, nel pieno rispetto dell&#8217;ambiente.<\/p>\n","protected":false},"excerpt":{"rendered":"<p>Alpa S.r.l. impiega tutte le proprie risorse di creativit\u00e0 ed entusiasmo per incrementare il livello di soddisfazione del cliente, migliorandone la qualit\u00e0 del lavoro. La nostra missione aziendale si concretizza attraverso tre regole fondamentali: 1. Dare ai clienti pi\u00f9 di quanto si aspettano Dobbiamo sempre essere consapevoli delle necessit\u00e0, in continua evoluzione, dei nostri clienti.  [&#8230;]<\/p>\n","protected":false},"author":2,"featured_media":0,"parent":45,"menu_order":0,"comment_status":"open","ping_status":"open","template":"","meta":{"_bbp_topic_count":0,"_bbp_reply_count":0,"_bbp_total_topic_count":0,"_bbp_total_reply_count":0,"_bbp_voice_count":0,"_bbp_anonymous_reply_count":0,"_bbp_topic_count_hidden":0,"_bbp_reply_count_hidden":0,"_bbp_forum_subforum_count":0,"ngg_post_thumbnail":0,"footnotes":""},"class_list":["post-224","page","type-page","status-publish","hentry"],"_links":{"self":[{"href":"https:\/\/www.alpa.it\/index.php\/wp-json\/wp\/v2\/pages\/224","targetHints":{"allow":["GET"]}}],"collection":[{"href":"https:\/\/www.alpa.it\/index.php\/wp-json\/wp\/v2\/pages"}],"about":[{"href":"https:\/\/www.alpa.it\/index.php\/wp-json\/wp\/v2\/types\/page"}],"author":[{"embeddable":true,"href":"https:\/\/www.alpa.it\/index.php\/wp-json\/wp\/v2\/users\/2"}],"replies":[{"embeddable":true,"href":"https:\/\/www.alpa.it\/index.php\/wp-json\/wp\/v2\/comments?post=224"}],"version-history":[{"count":0,"href":"https:\/\/www.alpa.it\/index.php\/wp-json\/wp\/v2\/pages\/224\/revisions"}],"up":[{"embeddable":true,"href":"https:\/\/www.alpa.it\/index.php\/wp-json\/wp\/v2\/pages\/45"}],"wp:attachment":[{"href":"https:\/\/www.alpa.it\/index.php\/wp-json\/wp\/v2\/media?parent=224"}],"curies":[{"name":"wp","href":"https:\/\/api.w.org\/{rel}","templated":true}]}}